 - 2*i, -4*n + 181*i + 5112 = 182*i. Calculate the greatest common divisor of 144 and n.
18
Suppose 3*o = -0*o + 513. Suppose 0 = -3*v + 2*r + 175, 0 = r + 20 - 18. Calculate the highest common factor of v and o.
57
Let o be 103 + -108 + (0 - -77). What is the greatest common divisor of o and 696?
24
Suppose -4*a + 3*c = 0, -2*c - 20 = 4*a - 0*c. Let w be (-22)/a + 6/9. Let x be 3 + 1/((-1)/2). What is the highest common factor of w and x?
1
Suppose -5*t + 5*r + 55 = 0, 3*t - 15 = -5*r + 2*r. Suppose t*o - 80 = 8. Calculate the highest common divisor of o and 176.
11
Let s(i) = 51*i + 155. Let w be s(-3). Suppose 0 = 2*n - 5*m - 28 - 24, -n - w*m = -26. What is the greatest common divisor of 585 and n?
13
Let q be 8 + -2 + 1/(-1). Suppose -i = 1185 - 1176, b - 4*i = 136. What is the highest common factor of b and q?
5
Suppose 609*p - 352764 = -108*p. What is the greatest common divisor of p and 342?
6
Suppose 0 = -4*t + 12, -t + 45 = 3*j - 2*j. Let p(i) = -3*i - 22. Let l be p(-9). Suppose 2*x + l*x = j. Calculate the greatest common factor of x and 2.
2
Let p = -2525 + 2605. Calculate the highest common factor of 16 and p.
16
Let f(h) = -h + 6. Let l be f(5). Let m be -5 + 35/5 + l. Calculate the greatest common divisor of 1 and m.
1
Let p = -71 - -197. Suppose -7*a - 2*a = -p. What is the highest common factor of 238 and a?
14
Let s = 2 + 11. Suppose 273*u - 15496 = -552*u - 367*u. Calculate the highest common factor of u and s.
13
Let g = 46904 + -23690. What is the greatest common factor of g and 318?
318
Suppose -38*t - 327 = -3*r - 40*t, -2*r - 3*t + 208 = 0. Calculate the highest common factor of r and 6893.
113
Let w be 15/25*-1 - 633/(-5). Suppose -4*y + 5*j + 236 = 0, 6*j - 88 = -2*y + j. What is the greatest common factor of w and y?
18
Suppose 2189*z = 2*v + 2185*z - 2140, 3*z = 27. What is the greatest common divisor of v and 80?
16
Suppose 11*r = 17*r - 408. Suppose 227 + 1320 = 13*k. Calculate the greatest common divisor of r and k.
17
Let d be 0 + 88/(2/1). Suppose 10*w - 3*p - 111 = 15*w, -4*w = -3*p + 105. Let c be (4*(-33)/w)/(2/d). Calculate the greatest common factor of c and 11.
11
Suppose 0 = -i + 3*h - 4 + 14, 24 = 5*i - 2*h. Suppose 0 = 4*a - 6*u + 7*u - 1407, -u - 1409 = -i*a. Calculate the greatest common divisor of a and 44.
44
Suppose 4*j + 3*x - 903 = 0, 0*j + 3*j = -5*x + 669. Suppose 18*w - 110 - 106 = 0. Calculate the highest common divisor of w and j.
12
Let h be (-3)/(-3) - 1*5. Let u be 3 + -12 - h - -122. Calculate the highest common factor of u and 78.
39
Let w(x) = 4*x**3 - 2*x**2 - 10*x + 18. Let c be w(2). What is the greatest common divisor of c and 165?
11
Suppose 3*l = -4*l + 28. Let m be (-705)/(-10) + l/8*-1. Calculate the highest common divisor of 10 and m.
10
Let u be 4 - (2/(-4))/((-5)/10). Suppose -3877*w = -3889*w + 12. What is the highest common divisor of w and u?
1
Let s be -2 - (-5 + (-45)/5 + 1). Suppose 13 + 23 = 3*j. Let z be ((-21)/j)/((-5)/220). Calculate the greatest common divisor of z and s.
11
Suppose -37*f + 4*z = -36*f - 9727, 0 = 4*f - 5*z - 38842. What is the highest common divisor of 626 and f?
313
Let r(t) = -3*t**2 + 7*t + 21. Let g be r(4). Let b be 2691/(-46)*-6*(g - 0). Calculate the highest common factor of 13 and b.
13
Let v(x) = -32*x + 12195. Let n be v(0). Calculate the highest common divisor of 45 and n.
45
Let y(c) = 3*c**3 - 104*c**2 + 789*c - 64. Let w be y(24). Let r(n) = 45*n**2 - 2*n + 1. Let i be r(1). What is the highest common factor of w and i?
44
Suppose 2*r + 3 - 11 = 3*z, 0 = 4*r + z - 44. Let f be (-3 - -9)/(123/114 + -1). Let a = f - 46. What is the highest common factor of r and a?
10
Suppose -9*g = -21 - 6. Suppose 0 = g*v + 4*v - 126. What is the greatest common divisor of v and 12?
6
Let o be 4 - (8 + -12 - (0 - -318)). Let q = o - 288. Calculate the highest common divisor of 95 and q.
19
Suppose 0 = 22*a + 3 - 135. Calculate the greatest common divisor of a and 87.
3
Let b(n) = 2*n**3 + 10*n**2 - 24. Let k be b(-4). Let f be ((-12)/(-15))/((-1)/(-90)). Calculate the greatest common divisor of f and k.
8
Let a(u) = u**3 + 17*u**2 + 50*u + 15. Let c be a(-13). Suppose -c*n = -9*n - 5280. Calculate the highest common factor of n and 30.
15
Let s = 1348 + -623. Suppose 0 = t + 669 - s. Calculate the greatest common divisor of 28 and t.
28
Suppose -43*n + 24928 = 33*n. Calculate the highest common factor of 287 and n.
41
Let h(j) = j + 20. Let u be h(-18). Suppose d + u*a = -3 + 17, -3*d + 39 = 5*a. Let k be 65 + (0 - 3)/3. Calculate the greatest common factor of k and d.
8
Let n be ((-61480)/280)/((-1)/7). Calculate the greatest common divisor of n and 53.
53
Let s = -99 - -246. Suppose -x = 3*x + 5*c - s, -4*x + 2*c + 154 = 0. Calculate the highest common factor of x and 171.
19
Let j(b) = -21*b + 28. Let d be j(-2). What is the greatest common factor of d and 390?
10
Let u(j) = -j**3 - 2*j**2 + 5*j + 14. Suppose -7*t + x = -11*t - 23, -t - 4*x = 17. Let c be u(t). Calculate the greatest common factor of c and 48.
16
Suppose 511*g - 503*g = 760. Calculate the highest common factor of g and 931.
19
Suppose -93*j + 250 = -267 - 320. Calculate the greatest common factor of 6147 and j.
9
Suppose 2*z - 13 - 9 = 0. Let o be (1 - (-4 - -8)) + (3 - -1). Suppose u - 4*p = 31, -5*p + z = 2*u + o. Calculate the greatest common factor of 165 and u.
15
Let f be (-12)/(-24) - (-177)/6. Let z be (-19)/((2/10)/(f/(-75))). What is the highest common factor of z and 171?
19
Let l be 38968 - (25/150 + 237/(-18)). Calculate the greatest common divisor of 34 and l.
17
Let g be (-5)/25 - (1224/30)/(-4). What is the greatest common factor of 5630 and g?
10
Let f(z) = -z - 4. Let w be f(-7). Suppose -6 - w = -3*d. Suppose -6390 = -69*p - 144*p. Calculate the highest common factor of d and p.
3
Suppose -t + 4*t - 3 = 0. Suppose -3 = -2*c - q, -q = t - 0. Suppose 0*m + c*u - 46 = -3*m, 5*m - 4*u = 40. What is the highest common factor of 6 and m?
6
Suppose -3*r - 5 = -17. Suppose -3*x + 3*q = 168, 9*x = 4*x + r*q - 280. Let k = -41 - x. Calculate the greatest common factor of k and 165.
15
Let c = -5 - 0. Let q be (-92)/c - 8/20. Let a(o) = -53*o + 698. Let j be a(13). Calculate the greatest common factor of q and j.
9
Let q = 793 + -785. Let c(u) = -u**2 + 14*u - 34. Let y be c(q). Calculate the highest common factor of y and 7.
7
Suppose 5*y = -3*r + 107, 4*r = 3*r - 4*y + 38. Suppose 0 = v - r - 6. What is the highest common divisor of 40 and v?
40
Let c = 0 + 111. Suppose -381 + c = -3*m. What is the greatest common divisor of 15 and m?
15
Let r(p) = p**3 + 6*p**2 - 6*p - 9. Let y be r(-3). Suppose 41*n = y*n + 2860. What is the greatest common factor of n and 52?
52
Suppose 5*s + 5 = 0, -s + 62 + 67 = -2*y. Let j = y - -67. Let f(d) = -d - 1. Let g be f(-4). What is the highest common divisor of g and j?
1
Suppose 0 = -6*b + 51 + 69. Let k be 4/(12/(-5)) + 58/6. Calculate the highest common factor of b and k.
4
Let g = 57 - 61. Let a(n) = 2*n**2 + 6*n + 9. Let o be a(g). Suppose o*u = 7*u + 120. What is the highest common factor of u and 12?
12
Suppose -14725 = -37*a + 1607 + 9272. What is the greatest common factor of 4 and a?
4
Suppose -1443 = -53*v + 518. Let l = 9 - 19. Let d = v + l. What is the highest common factor of d and 18?
9
Let v be (4 - (-7 - -14))/((-1)/21). Let q = v - 36. Calculate the greatest common divisor of 27 and q.
27
Let g be 4/9 - (-12064)/72. Calculate the highest common divisor of 648 and g.
24
Let s = 4842 + -4738. Calculate the highest common factor of 64 and s.
8
Let w(o) = 2*o - 68. Let r be (14/(-4))/(((-44)/48)/11). Let f be w(r). What is the highest common factor of 68 and f?
4
Let u(q) = 100*q**3 - 6*q**2 + q + 2. Let p be u(2). Let o = p - 480. Calculate the highest common divisor of 25 and o.
25
Let y = -19 - -24. Suppose -2*i = -4*j - 112, y*i = -j - 2*j + 293. Let h = -421 - -566. What is the highest common factor of i and h?
29
Let v be 56/(-140) - (-96)/15 - -1691. What is the greatest common divisor of 1 and v?
1
Suppose -5*i = -r - 5 + 1, 2*i + 3*r = -12. Suppose -2*n + 60 + 10 = i. Let w(p) = p**2 + 10. Let h be w(-5). What is the highest common factor of n and h?
35
Suppose -4*h = 5*q + 677, -20*h + 21*h + 164 = -3*q. 